{"id":177,"date":"2021-08-06T06:24:54","date_gmt":"2021-08-06T04:24:54","guid":{"rendered":"http:\/\/eko100wp.hastsveden.se\/index.php\/produkt\/eko100-economi-sagkedjeolja-1000-liter\/"},"modified":"2023-09-15T14:28:13","modified_gmt":"2023-09-15T12:28:13","slug":"eko100-economi-sagkedjeolja-1000-liter","status":"publish","type":"product","link":"https:\/\/eko100.com\/index.php\/produkt\/eko100-economi-sagkedjeolja-1000-liter\/","title":{"rendered":"EKO100 Economi S\u00e5gkedjeolja, (Bio) 1000 liter"},"content":{"rendered":"<p>EKO100 S\u00e5gkedjeolja Economic l\u00e4mpar sig f\u00f6r hobbys\u00e5garen. N\u00e5got mindre vidh\u00e4ftningsadditiv g\u00f6r att vi rekommenderar denna olja enbart f\u00f6r motors\u00e5gsanv\u00e4ndning. Levereras i rekonditionerade pl\u00e5tfat.<\/p>\n<p>Egenskaper:<\/p>\n<p>EKO100 S\u00e5gkedjeolja Economic \u00e4r ett biosm\u00f6rjmedel som \u00e4r skonsam f\u00f6r anv\u00e4ndaren samt biologiskt nedbrytbar i naturen enligt OECD 301F krav.<\/p>\n<p>EKO100 S\u00e5gkedjeolja Economic \u00e4r baserad p\u00e5 rapsolja (mer \u00e4n 95%) och inneh\u00e5ller vidh\u00e4ftande samt k\u00f6ld- och slitageskyddande tillsatser. \u00c4ven dessa tillsatser \u00e4r biologiskt nedbrytbara.<\/p>\n<p>EKO100 S\u00e5gkedjeolja Economic ger ett mycket gott skydd mot slitage samt skyddar s\u00e5gkedja och sv\u00e4rd mot rost och korrosion.<\/p>\n<p>EKO100 S\u00e5gkedjeolja Economic \u00e4r vattenresistent och rekommenderas speciellt d\u00e4r vattenbortspolning \u00e4r ett problem.<\/p>\n<p>EKO100 S\u00e5gkedjeolja Economic har en garanterad flytbarhet ner till -18\u00b0C. Inneh\u00e5ller additiv som h\u00e5ller motors\u00e5gskedjorna smidiga trots l\u00e5ngvarigt stillest\u00e5nd. Vi rekommenderar dock att tanken t\u00f6ms samt pump och kedjor reng\u00f6rs vid stillest\u00e5nd l\u00e4ngre \u00e4n ca 12 m\u00e5nader.<\/p>\n<p>Vid tillf\u00e4llen d\u00e5 det kr\u00e4vs mycket vidh\u00e4ftning, tex. avverkning med sk\u00f6rdare rekommenderar vi v\u00e5r EKO100 VG68 alternativt EKO100 Super Strong.<\/p>\n","protected":false},"excerpt":{"rendered":"<p>EKO100 S\u00e5gkedjeolja Economic l\u00e4mpar sig f\u00f6r hobbys\u00e5garen. N\u00e5got mindre vidh\u00e4ftningsadditiv g\u00f6r att vi rekommenderar denna olja enbart f\u00f6r motors\u00e5gsanv\u00e4ndning. Levereras i rekonditionerade pl\u00e5tfat. Egenskaper: EKO100 S\u00e5gkedjeolja Economic \u00e4r ett biosm\u00f6rjmedel som \u00e4r skonsam f\u00f6r anv\u00e4ndaren samt biologiskt nedbrytbar i naturen enligt OECD 301F krav. EKO100 S\u00e5gkedjeolja Economic \u00e4r baserad p\u00e5 rapsolja (mer \u00e4n 95%) och [&hellip;]<\/p>\n","protected":false},"featured_media":490,"template":"","meta":[],"product_brand":[],"product_cat":[30],"product_tag":[],"class_list":{"0":"post-177","1":"product","2":"type-product","3":"status-publish","4":"has-post-thumbnail","6":"product_cat-eko100-economic-sagkedjesmorjmedel","8":"first","9":"instock","10":"taxable","11":"shipping-taxable","12":"purchasable","13":"product-type-simple"},"jetpack_sharing_enabled":true,"_links":{"self":[{"href":"https:\/\/eko100.com\/index.php\/wp-json\/wp\/v2\/product\/177","targetHints":{"allow":["GET"]}}],"collection":[{"href":"https:\/\/eko100.com\/index.php\/wp-json\/wp\/v2\/product"}],"about":[{"href":"https:\/\/eko100.com\/index.php\/wp-json\/wp\/v2\/types\/product"}],"wp:featuredmedia":[{"embeddable":true,"href":"https:\/\/eko100.com\/index.php\/wp-json\/wp\/v2\/media\/490"}],"wp:attachment":[{"href":"https:\/\/eko100.com\/index.php\/wp-json\/wp\/v2\/media?parent=177"}],"wp:term":[{"taxonomy":"product_brand","embeddable":true,"href":"https:\/\/eko100.com\/index.php\/wp-json\/wp\/v2\/product_brand?post=177"},{"taxonomy":"product_cat","embeddable":true,"href":"https:\/\/eko100.com\/index.php\/wp-json\/wp\/v2\/product_cat?post=177"},{"taxonomy":"product_tag","embeddable":true,"href":"https:\/\/eko100.com\/index.php\/wp-json\/wp\/v2\/product_tag?post=177"}],"curies":[{"name":"wp","href":"https:\/\/api.w.org\/{rel}","templated":true}]}}